{"id":3167,"date":"2013-10-03T10:08:00","date_gmt":"2013-10-03T09:08:00","guid":{"rendered":"http:\/\/www.wonderflu.com\/blog\/?page_id=3167"},"modified":"2022-11-10T18:20:55","modified_gmt":"2022-11-10T17:20:55","slug":"accueil-blog","status":"publish","type":"page","link":"http:\/\/www.wonderflu.com\/blog\/","title":{"rendered":"LE BLOG DE WONDERFLU"},"content":{"rendered":"<div class=\"citation-blog\" style=\"margin-top:0px !important\">\n<blockquote id=\"quote-58\" class=\"quotescollection-quote\"><p>please don&rsquo;t think of us as an &lsquo;indie band&rsquo; as it was never meant to be a genre, and anyway we are far too outward looking for that sad tag<\/p>\n<footer class=\"attribution\">&mdash;&nbsp;<cite class=\"author\">Stephen Pastel (The Pastels)<\/cite><\/footer><\/blockquote>\n<\/div>\n\n\n<ul class=\"wp-block-latest-posts__list is-grid columns-2 aligncenter posts-blog-home-page wp-block-latest-posts\"><li><div class=\"wp-block-latest-posts__featured-image\"><a href=\"http:\/\/www.wonderflu.com\/blog\/2025\/11\/dropa-nouvel-album\/\" aria-label=\"dropA, nouvel album !\"><img loading=\"lazy\" decoding=\"async\" width=\"625\" height=\"625\" src=\"http:\/\/www.wonderflu.com\/blog\/wp-content\/uploads\/2025\/11\/dropa-big-storm-is-coming.jpg\" class=\"attachment-large size-large wp-post-image\" alt=\"\" style=\"\" srcset=\"http:\/\/www.wonderflu.com\/blog\/wp-content\/uploads\/2025\/11\/dropa-big-storm-is-coming.jpg 700w, http:\/\/www.wonderflu.com\/blog\/wp-content\/uploads\/2025\/11\/dropa-big-storm-is-coming-300x300.jpg 300w, http:\/\/www.wonderflu.com\/blog\/wp-content\/uploads\/2025\/11\/dropa-big-storm-is-coming-150x150.jpg 150w, http:\/\/www.wonderflu.com\/blog\/wp-content\/uploads\/2025\/11\/dropa-big-storm-is-coming-624x624.jpg 624w\" sizes=\"(max-width: 625px) 100vw, 625px\" \/><\/a><\/div><a class=\"wp-block-latest-posts__post-title\" href=\"http:\/\/www.wonderflu.com\/blog\/2025\/11\/dropa-nouvel-album\/\">dropA, nouvel album !<\/a><div class=\"wp-block-latest-posts__post-excerpt\">Aujourd'hui, un bulletin m\u00e9t\u00e9o pas comme les autres de la part de notre duo batterie - guitare baryton pr\u00e9f\u00e9r\u00e9.<\/div><\/li>\n<li><div class=\"wp-block-latest-posts__featured-image\"><a href=\"http:\/\/www.wonderflu.com\/blog\/2025\/11\/pfau-v\/\" aria-label=\"Pfau V\"><img loading=\"lazy\" decoding=\"async\" width=\"625\" height=\"625\" src=\"http:\/\/www.wonderflu.com\/blog\/wp-content\/uploads\/2025\/11\/pfau-v.jpg\" class=\"attachment-large size-large wp-post-image\" alt=\"\" style=\"\" srcset=\"http:\/\/www.wonderflu.com\/blog\/wp-content\/uploads\/2025\/11\/pfau-v.jpg 700w, http:\/\/www.wonderflu.com\/blog\/wp-content\/uploads\/2025\/11\/pfau-v-300x300.jpg 300w, http:\/\/www.wonderflu.com\/blog\/wp-content\/uploads\/2025\/11\/pfau-v-150x150.jpg 150w, http:\/\/www.wonderflu.com\/blog\/wp-content\/uploads\/2025\/11\/pfau-v-624x624.jpg 624w\" sizes=\"(max-width: 625px) 100vw, 625px\" \/><\/a><\/div><a class=\"wp-block-latest-posts__post-title\" href=\"http:\/\/www.wonderflu.com\/blog\/2025\/11\/pfau-v\/\">Pfau V<\/a><div class=\"wp-block-latest-posts__post-excerpt\">Aujourd'hui, on va se demander ensemble s'il est rationnel de sortir un EP trois semaines apr\u00e8s avoir sorti un album.<\/div><\/li>\n<li><div class=\"wp-block-latest-posts__featured-image\"><a href=\"http:\/\/www.wonderflu.com\/blog\/2025\/10\/pfau-nouvel-ep-bientot-sisi\/\" aria-label=\"Pfau, nouvel EP bient\u00f4t (sisi)\"><img loading=\"lazy\" decoding=\"async\" width=\"625\" height=\"382\" src=\"http:\/\/www.wonderflu.com\/blog\/wp-content\/uploads\/2025\/10\/Pfau-very-best-1024x626.png\" class=\"attachment-large size-large wp-post-image\" alt=\"\" style=\"\" srcset=\"http:\/\/www.wonderflu.com\/blog\/wp-content\/uploads\/2025\/10\/Pfau-very-best-1024x626.png 1024w, http:\/\/www.wonderflu.com\/blog\/wp-content\/uploads\/2025\/10\/Pfau-very-best-300x183.png 300w, http:\/\/www.wonderflu.com\/blog\/wp-content\/uploads\/2025\/10\/Pfau-very-best-768x469.png 768w, http:\/\/www.wonderflu.com\/blog\/wp-content\/uploads\/2025\/10\/Pfau-very-best-1536x938.png 1536w, http:\/\/www.wonderflu.com\/blog\/wp-content\/uploads\/2025\/10\/Pfau-very-best-624x381.png 624w, http:\/\/www.wonderflu.com\/blog\/wp-content\/uploads\/2025\/10\/Pfau-very-best.png 1866w\" sizes=\"(max-width: 625px) 100vw, 625px\" \/><\/a><\/div><a class=\"wp-block-latest-posts__post-title\" href=\"http:\/\/www.wonderflu.com\/blog\/2025\/10\/pfau-nouvel-ep-bientot-sisi\/\">Pfau, nouvel EP bient\u00f4t (sisi)<\/a><div class=\"wp-block-latest-posts__post-excerpt\">Aujourd'hui, un nouvel EP annonc\u00e9 et un nouveau clip partag\u00e9 pour ce tra\u00eetre de chanteur qui officie sous l'appellation de Pfau. Encore ? Oui, encore.<\/div><\/li>\n<li><div class=\"wp-block-latest-posts__featured-image\"><a href=\"http:\/\/www.wonderflu.com\/blog\/2025\/10\/mercato-influenza-records-dropa\/\" aria-label=\"Mercato Influenza Records : dropA\"><img loading=\"lazy\" decoding=\"async\" width=\"625\" height=\"833\" src=\"http:\/\/www.wonderflu.com\/blog\/wp-content\/uploads\/2025\/10\/dropA_Influenza_3-768x1024.jpg\" class=\"attachment-large size-large wp-post-image\" alt=\"\" style=\"\" srcset=\"http:\/\/www.wonderflu.com\/blog\/wp-content\/uploads\/2025\/10\/dropA_Influenza_3-768x1024.jpg 768w, http:\/\/www.wonderflu.com\/blog\/wp-content\/uploads\/2025\/10\/dropA_Influenza_3-225x300.jpg 225w, http:\/\/www.wonderflu.com\/blog\/wp-content\/uploads\/2025\/10\/dropA_Influenza_3-624x832.jpg 624w, http:\/\/www.wonderflu.com\/blog\/wp-content\/uploads\/2025\/10\/dropA_Influenza_3.jpg 810w\" sizes=\"(max-width: 625px) 100vw, 625px\" \/><\/a><\/div><a class=\"wp-block-latest-posts__post-title\" href=\"http:\/\/www.wonderflu.com\/blog\/2025\/10\/mercato-influenza-records-dropa\/\">Mercato Influenza Records : dropA<\/a><div class=\"wp-block-latest-posts__post-excerpt\">Aujourd'hui, du nouveau sur le march\u00e9 des transferts.<\/div><\/li>\n<li><div class=\"wp-block-latest-posts__featured-image\"><a href=\"http:\/\/www.wonderflu.com\/blog\/2025\/10\/nofun-nosound-3\/\" aria-label=\"Nofun Nosound #3\"><img loading=\"lazy\" decoding=\"async\" width=\"625\" height=\"302\" src=\"http:\/\/www.wonderflu.com\/blog\/wp-content\/uploads\/2025\/10\/image-1024x494.png\" class=\"attachment-large size-large wp-post-image\" alt=\"\" style=\"\" srcset=\"http:\/\/www.wonderflu.com\/blog\/wp-content\/uploads\/2025\/10\/image-1024x494.png 1024w, http:\/\/www.wonderflu.com\/blog\/wp-content\/uploads\/2025\/10\/image-300x145.png 300w, http:\/\/www.wonderflu.com\/blog\/wp-content\/uploads\/2025\/10\/image-768x371.png 768w, http:\/\/www.wonderflu.com\/blog\/wp-content\/uploads\/2025\/10\/image-624x301.png 624w, http:\/\/www.wonderflu.com\/blog\/wp-content\/uploads\/2025\/10\/image.png 1318w\" sizes=\"(max-width: 625px) 100vw, 625px\" \/><\/a><\/div><a class=\"wp-block-latest-posts__post-title\" href=\"http:\/\/www.wonderflu.com\/blog\/2025\/10\/nofun-nosound-3\/\">Nofun Nosound #3<\/a><div class=\"wp-block-latest-posts__post-excerpt\">Aujourd'hui, Santiago-le-r\u00e9fractaire-\u00e0-Joy-Division va vous relayer une reprise de Joy Division qui lui a plu.<\/div><\/li>\n<li><div class=\"wp-block-latest-posts__featured-image\"><a href=\"http:\/\/www.wonderflu.com\/blog\/2025\/10\/pfau-vient-de-sortir-son-premier-album\/\" aria-label=\"Pfau vient de sortir son premier album\"><img loading=\"lazy\" decoding=\"async\" width=\"625\" height=\"625\" src=\"http:\/\/www.wonderflu.com\/blog\/wp-content\/uploads\/2025\/10\/pfau-IV-1024x1024.jpg\" class=\"attachment-large size-large wp-post-image\" alt=\"\" style=\"\" srcset=\"http:\/\/www.wonderflu.com\/blog\/wp-content\/uploads\/2025\/10\/pfau-IV-1024x1024.jpg 1024w, http:\/\/www.wonderflu.com\/blog\/wp-content\/uploads\/2025\/10\/pfau-IV-300x300.jpg 300w, http:\/\/www.wonderflu.com\/blog\/wp-content\/uploads\/2025\/10\/pfau-IV-150x150.jpg 150w, http:\/\/www.wonderflu.com\/blog\/wp-content\/uploads\/2025\/10\/pfau-IV-768x768.jpg 768w, http:\/\/www.wonderflu.com\/blog\/wp-content\/uploads\/2025\/10\/pfau-IV-624x624.jpg 624w, http:\/\/www.wonderflu.com\/blog\/wp-content\/uploads\/2025\/10\/pfau-IV.jpg 1200w\" sizes=\"(max-width: 625px) 100vw, 625px\" \/><\/a><\/div><a class=\"wp-block-latest-posts__post-title\" href=\"http:\/\/www.wonderflu.com\/blog\/2025\/10\/pfau-vient-de-sortir-son-premier-album\/\">Pfau vient de sortir son premier album<\/a><div class=\"wp-block-latest-posts__post-excerpt\">Aujourd'hui, des nouvelles de Greg aka PFAU.<\/div><\/li>\n<\/ul>\n\n\n<div class=\"wp-block-columns is-layout-flex wp-container-core-columns-is-layout-1 wp-block-columns-is-layout-flex\">\n<div class=\"wp-block-column is-layout-flow wp-block-column-is-layout-flow\">\n<p class=\"has-text-align-center\"><strong>TAGS<\/strong><\/p>\n\n\n<p class=\"is-style-outline wp-block-tag-cloud\"><a href=\"http:\/\/www.wonderflu.com\/blog\/tag\/album\/\" class=\"tag-cloud-link tag-link-546 tag-link-position-1\" style=\"font-size: 10.252873563218pt;\" aria-label=\"album (14 \u00e9l\u00e9ments)\">album<\/a>\n<a href=\"http:\/\/www.wonderflu.com\/blog\/tag\/bandcamp\/\" class=\"tag-cloud-link tag-link-51 tag-link-position-2\" style=\"font-size: 8pt;\" aria-label=\"bandcamp (10 \u00e9l\u00e9ments)\">bandcamp<\/a>\n<a href=\"http:\/\/www.wonderflu.com\/blog\/tag\/bd\/\" class=\"tag-cloud-link tag-link-47 tag-link-position-3\" style=\"font-size: 11.057471264368pt;\" aria-label=\"BD (16 \u00e9l\u00e9ments)\">BD<\/a>\n<a href=\"http:\/\/www.wonderflu.com\/blog\/tag\/bruno\/\" class=\"tag-cloud-link tag-link-635 tag-link-position-4\" style=\"font-size: 11.540229885057pt;\" aria-label=\"Bruno (17 \u00e9l\u00e9ments)\">Bruno<\/a>\n<a href=\"http:\/\/www.wonderflu.com\/blog\/tag\/clip\/\" class=\"tag-cloud-link tag-link-76 tag-link-position-5\" style=\"font-size: 8.6436781609195pt;\" aria-label=\"clip (11 \u00e9l\u00e9ments)\">clip<\/a>\n<a href=\"http:\/\/www.wonderflu.com\/blog\/tag\/diy\/\" class=\"tag-cloud-link tag-link-116 tag-link-position-6\" style=\"font-size: 8.6436781609195pt;\" aria-label=\"DIY (11 \u00e9l\u00e9ments)\">DIY<\/a>\n<a href=\"http:\/\/www.wonderflu.com\/blog\/tag\/ep\/\" class=\"tag-cloud-link tag-link-35 tag-link-position-7\" style=\"font-size: 16.367816091954pt;\" aria-label=\"EP (35 \u00e9l\u00e9ments)\">EP<\/a>\n<a href=\"http:\/\/www.wonderflu.com\/blog\/tag\/famille-grendy\/\" class=\"tag-cloud-link tag-link-109 tag-link-position-8\" style=\"font-size: 8pt;\" aria-label=\"Famille Grendy (10 \u00e9l\u00e9ments)\">Famille Grendy<\/a>\n<a href=\"http:\/\/www.wonderflu.com\/blog\/tag\/halfbob\/\" class=\"tag-cloud-link tag-link-117 tag-link-position-9\" style=\"font-size: 12.827586206897pt;\" aria-label=\"Halfbob (21 \u00e9l\u00e9ments)\">Halfbob<\/a>\n<a href=\"http:\/\/www.wonderflu.com\/blog\/tag\/indie-rock\/\" class=\"tag-cloud-link tag-link-48 tag-link-position-10\" style=\"font-size: 15.885057471264pt;\" aria-label=\"indie rock (33 \u00e9l\u00e9ments)\">indie rock<\/a>\n<a href=\"http:\/\/www.wonderflu.com\/blog\/tag\/influenza-records\/\" class=\"tag-cloud-link tag-link-324 tag-link-position-11\" style=\"font-size: 20.712643678161pt;\" aria-label=\"Influenza Records (66 \u00e9l\u00e9ments)\">Influenza Records<\/a>\n<a href=\"http:\/\/www.wonderflu.com\/blog\/tag\/jeu-de-mot-pourri\/\" class=\"tag-cloud-link tag-link-264 tag-link-position-12\" style=\"font-size: 8.6436781609195pt;\" aria-label=\"jeu de mot pourri (11 \u00e9l\u00e9ments)\">jeu de mot pourri<\/a>\n<a href=\"http:\/\/www.wonderflu.com\/blog\/tag\/linternational\/\" class=\"tag-cloud-link tag-link-186 tag-link-position-13\" style=\"font-size: 8.6436781609195pt;\" aria-label=\"L&#039;International (11 \u00e9l\u00e9ments)\">L&#039;International<\/a>\n<a href=\"http:\/\/www.wonderflu.com\/blog\/tag\/livres\/\" class=\"tag-cloud-link tag-link-154 tag-link-position-14\" style=\"font-size: 10.252873563218pt;\" aria-label=\"Livres (14 \u00e9l\u00e9ments)\">Livres<\/a>\n<a href=\"http:\/\/www.wonderflu.com\/blog\/tag\/paris\/\" class=\"tag-cloud-link tag-link-181 tag-link-position-15\" style=\"font-size: 22pt;\" aria-label=\"Paris (80 \u00e9l\u00e9ments)\">Paris<\/a>\n<a href=\"http:\/\/www.wonderflu.com\/blog\/tag\/pfau\/\" class=\"tag-cloud-link tag-link-363 tag-link-position-16\" style=\"font-size: 9.1264367816092pt;\" aria-label=\"PFAU (12 \u00e9l\u00e9ments)\">PFAU<\/a>\n<a href=\"http:\/\/www.wonderflu.com\/blog\/tag\/playlist\/\" class=\"tag-cloud-link tag-link-125 tag-link-position-17\" style=\"font-size: 8.6436781609195pt;\" aria-label=\"playlist (11 \u00e9l\u00e9ments)\">playlist<\/a>\n<a href=\"http:\/\/www.wonderflu.com\/blog\/tag\/polarbird\/\" class=\"tag-cloud-link tag-link-131 tag-link-position-18\" style=\"font-size: 8.6436781609195pt;\" aria-label=\"polarbird (11 \u00e9l\u00e9ments)\">polarbird<\/a>\n<a href=\"http:\/\/www.wonderflu.com\/blog\/tag\/sylvia-hansel\/\" class=\"tag-cloud-link tag-link-637 tag-link-position-19\" style=\"font-size: 12.505747126437pt;\" aria-label=\"Sylvia Hansel (20 \u00e9l\u00e9ments)\">Sylvia Hansel<\/a>\n<a href=\"http:\/\/www.wonderflu.com\/blog\/tag\/video\/\" class=\"tag-cloud-link tag-link-80 tag-link-position-20\" style=\"font-size: 16.045977011494pt;\" aria-label=\"vid\u00e9o (34 \u00e9l\u00e9ments)\">vid\u00e9o<\/a><\/p><\/div>\n\n\n\n<div class=\"wp-block-column is-layout-flow wp-block-column-is-layout-flow\">\n<p class=\"has-text-align-center\"><strong>DERNIERS ARTICLES<\/strong><\/p>\n\n\n<ul class=\"wp-block-latest-posts__list wp-block-latest-posts\"><li><a class=\"wp-block-latest-posts__post-title\" href=\"http:\/\/www.wonderflu.com\/blog\/2025\/11\/dropa-nouvel-album\/\">dropA, nouvel album !<\/a><\/li>\n<li><a class=\"wp-block-latest-posts__post-title\" href=\"http:\/\/www.wonderflu.com\/blog\/2025\/11\/pfau-v\/\">Pfau V<\/a><\/li>\n<li><a class=\"wp-block-latest-posts__post-title\" href=\"http:\/\/www.wonderflu.com\/blog\/2025\/10\/pfau-nouvel-ep-bientot-sisi\/\">Pfau, nouvel EP bient\u00f4t (sisi)<\/a><\/li>\n<li><a class=\"wp-block-latest-posts__post-title\" href=\"http:\/\/www.wonderflu.com\/blog\/2025\/10\/mercato-influenza-records-dropa\/\">Mercato Influenza Records : dropA<\/a><\/li>\n<li><a class=\"wp-block-latest-posts__post-title\" href=\"http:\/\/www.wonderflu.com\/blog\/2025\/10\/nofun-nosound-3\/\">Nofun Nosound #3<\/a><\/li>\n<li><a class=\"wp-block-latest-posts__post-title\" href=\"http:\/\/www.wonderflu.com\/blog\/2025\/10\/pfau-vient-de-sortir-son-premier-album\/\">Pfau vient de sortir son premier album<\/a><\/li>\n<li><a class=\"wp-block-latest-posts__post-title\" href=\"http:\/\/www.wonderflu.com\/blog\/2025\/10\/pfau-va-sortir-son-premier-album\/\">Pfau va sortir son premier album<\/a><\/li>\n<li><a class=\"wp-block-latest-posts__post-title\" href=\"http:\/\/www.wonderflu.com\/blog\/2025\/08\/le-rock-francais-est-nul\/\">Le rock fran\u00e7ais est nul<\/a><\/li>\n<li><a class=\"wp-block-latest-posts__post-title\" href=\"http:\/\/www.wonderflu.com\/blog\/2025\/05\/famille-grendy-encore-et-toujours\/\">Famille Grendy encore et toujours<\/a><\/li>\n<li><a class=\"wp-block-latest-posts__post-title\" href=\"http:\/\/www.wonderflu.com\/blog\/2025\/03\/belmont-witch-mundo-rumbo\/\">Belmont Witch - Mundo Rumbo<\/a><\/li>\n<li><a class=\"wp-block-latest-posts__post-title\" href=\"http:\/\/www.wonderflu.com\/blog\/2025\/03\/liz-pelly-mood-machine-spotify\/\">Liz Pelly - Mood Machine (Spotify)<\/a><\/li>\n<li><a class=\"wp-block-latest-posts__post-title\" href=\"http:\/\/www.wonderflu.com\/blog\/2025\/02\/milky-worlds\/\">Milky Worlds !<\/a><\/li>\n<li><a class=\"wp-block-latest-posts__post-title\" href=\"http:\/\/www.wonderflu.com\/blog\/2025\/02\/golden-toad-nouveau-morceau\/\">Golden Toad, nouveau morceau<\/a><\/li>\n<li><a class=\"wp-block-latest-posts__post-title\" href=\"http:\/\/www.wonderflu.com\/blog\/2025\/02\/bye-sylvia\/\">Bye Sylvia<\/a><\/li>\n<li><a class=\"wp-block-latest-posts__post-title\" href=\"http:\/\/www.wonderflu.com\/blog\/2025\/02\/linternational-a-besoin-de-vous\/\">L'International a besoin de vous<\/a><\/li>\n<li><a class=\"wp-block-latest-posts__post-title\" href=\"http:\/\/www.wonderflu.com\/blog\/2025\/01\/short-wave\/\">Short Wave !<\/a><\/li>\n<li><a class=\"wp-block-latest-posts__post-title\" href=\"http:\/\/www.wonderflu.com\/blog\/2025\/01\/wonderflu-ce-groupe-dutrecht\/\">Wonderflu, ce groupe d'Utrecht<\/a><\/li>\n<li><a class=\"wp-block-latest-posts__post-title\" href=\"http:\/\/www.wonderflu.com\/blog\/2025\/01\/fans\/\">Fans<\/a><\/li>\n<li><a class=\"wp-block-latest-posts__post-title\" href=\"http:\/\/www.wonderflu.com\/blog\/2025\/01\/nouvel-album-de-sylvia\/\">Nouvel album de Sylvia<\/a><\/li>\n<li><a class=\"wp-block-latest-posts__post-title\" href=\"http:\/\/www.wonderflu.com\/blog\/2024\/11\/une-reprise-de-wreckless-eric-20-guitares\/\">Une reprise de Wreckless Eric (20 guitares)<\/a><\/li>\n<\/ul><\/div>\n<\/div>\n\n\n<form role=\"search\" method=\"get\" action=\"http:\/\/www.wonderflu.com\/blog\/\" class=\"wp-block-search__button-outside wp-block-search__text-button wp-block-search\"    ><label class=\"wp-block-search__label screen-reader-text\" for=\"wp-block-search__input-2\" >Rechercher<\/label><div class=\"wp-block-search__inside-wrapper \"  style=\"width: 100%\"><input class=\"wp-block-search__input has-large-font-size\" id=\"wp-block-search__input-2\" placeholder=\"\" value=\"\" type=\"search\" name=\"s\" required \/><button aria-label=\"Rechercher\" class=\"wp-block-search__button has-large-font-size wp-element-button\" type=\"submit\" >Rechercher<\/button><\/div><\/form>","protected":false},"excerpt":{"rendered":"<p>TAGS DERNIERS ARTICLES<\/p>\n","protected":false},"author":2,"featured_media":0,"parent":0,"menu_order":0,"comment_status":"closed","ping_status":"closed","template":"page-templates\/front-page.php","meta":{"footnotes":""},"_links":{"self":[{"href":"http:\/\/www.wonderflu.com\/blog\/wp-json\/wp\/v2\/pages\/3167"}],"collection":[{"href":"http:\/\/www.wonderflu.com\/blog\/wp-json\/wp\/v2\/pages"}],"about":[{"href":"http:\/\/www.wonderflu.com\/blog\/wp-json\/wp\/v2\/types\/page"}],"author":[{"embeddable":true,"href":"http:\/\/www.wonderflu.com\/blog\/wp-json\/wp\/v2\/users\/2"}],"replies":[{"embeddable":true,"href":"http:\/\/www.wonderflu.com\/blog\/wp-json\/wp\/v2\/comments?post=3167"}],"version-history":[{"count":2,"href":"http:\/\/www.wonderflu.com\/blog\/wp-json\/wp\/v2\/pages\/3167\/revisions"}],"predecessor-version":[{"id":7180,"href":"http:\/\/www.wonderflu.com\/blog\/wp-json\/wp\/v2\/pages\/3167\/revisions\/7180"}],"wp:attachment":[{"href":"http:\/\/www.wonderflu.com\/blog\/wp-json\/wp\/v2\/media?parent=3167"}],"curies":[{"name":"wp","href":"https:\/\/api.w.org\/{rel}","templated":true}]}}